l*x - 933. List the prime factors of h.
307
Let g(r) = -r**2 + 4*r + 6. Suppose 4*q = -3*f + 7, -4*q - 4 + 20 = 4*f. Let x be g(f). Let a = 192 + x. List the prime factors of a.
3, 17
List the prime factors of (-250544)/336*(-54)/2.
3, 2237
What are the prime factors of ((-10167)/((-3)/1))/((-8)/(-16))?
2, 3389
Let i be 6*1/(3/(-79)). Let y = i - -692. What are the prime factors of y?
2, 3, 89
Suppose 0 = 5*j - 5. Let l(r) = 37*r**2 - 13*r - 1. Let g(d) = 12*d**2 - 4*d. Let o(c) = 7*g(c) - 2*l(c). List the prime factors of o(j).
2, 5
Let z = -1956 + 1288. Let l = -325 - z. What are the prime factors of l?
7
Suppose 0 = -6*u + 2*u - 24. Suppose -1054*r + 1038*r = 432. List the prime factors of ((-296)/u)/((-18)/r).
2, 37
Let q(l) = l**3 - 8*l - 4. Let m be q(3). What are the prime factors of (-423 + -16)*m*1?
439
Let h(o) be the second derivative of o**4/12 - 5*o**3/6 + o**2/2 + 20*o. Let r be h(6). Let z(l) = 6*l**2 - 4*l - 30. What are the prime factors of z(r)?
2, 59
Suppose -4*z + 18 = -3*x, 3*z - 6*x + x = 19. Suppose 5*q + 2 = -2*d, -z*q - 2 = -2*q. Suppose 0 = d*o - 57 - 71. List the prime factors of o.
2
Let m(p) = 49*p**2 + 2*p + 4. Let n be -26*2/(-14)*3*-7. Let x = 76 + n. List the prime factors of m(x).
2, 7
Let u(h) = 4*h - 3. Let i be u(2). Let j = -31 + i. Let k = j - -62. What are the prime factors of k?
2, 3
Let n(y) be the first derivative of -63*y**2/2 - 131*y + 16. What are the prime factors of n(-14)?
751
Let j(r) = 1 - 4*r + 0*r**2 + 0 - 2*r**3 - 2*r**2 + 6*r**3. Let f be j(-2). What are the prime factors of (f/3)/(3*(-8)/72)?
31
Suppose 3*d - 28745 = 4*g, -21*d + 3*g = -23*d + 19186. What are the prime factors of d?
9587
Let g(x) be the third derivative of 5*x**4/24 - 32*x**3/3 - 29*x**2. What are the prime factors of g(18)?
2, 13
Let a(j) = 2*j - 26. Let l be a(11). Let z = -5 - 0. List the prime factors of 88 - (l - 20/z).
2, 11
Let l(z) = z**3 + z**2 - 1. Let y(t) = -4*t**3 - 13*t**2 - 5*t - 5. Let v(i) = 3*l(i) + y(i). Let u be (-20)/(-3)*33/(-22). What are the prime factors of v(u)?
2, 3, 7
Let d(y) = y**3 + 31*y**2 + 28*y - 126. Let b be d(-30). What are the prime factors of 11/(55/20) - b?
2, 5, 7
Let h(y) = -37*y**3 + 21*y**2 - 16*y - 40. List the prime factors of h(-7).
2, 431
Suppose 1389 = 5*g + 3*v, v + 21 = g - 260. Suppose -2*q - 997 = -5*l, -3*l + 340 = 4*q - g. List the prime factors of l.
3, 67
Let c(d) = -9*d**2 - 2. Let f be c(3). Suppose -y + 2*a - 12 = -146, 543 = 4*y - a. Let o = y + f. What are the prime factors of o?
53
Let i(p) = -p**3 + 10*p**2 + 43*p - 54. Let j be i(13). Let c = 99 + -57. Let w = c + j. List the prime factors of w.
2, 5
Suppose -14 + 2 = -3*d, -3*t + 4*d - 526 = 0. Let n = 1290 - t. List the prime factors of (n/(-24))/5*-6.
73
Let m be 4642*(-8)/16 - (1 + -1). Let o = m - -3394. Suppose -1123 = -9*y + o. What are the prime factors of y?
2, 61
Let x = -9949 - -23003. List the prime factors of x.
2, 61, 107
Suppose 0 = w - 4. Suppose w*r - 380 = 116. Let n = -61 + r. What are the prime factors of n?
3, 7
Let m(y) = -3*y - 41 + 9 - 78*y**3 + 2*y**2 + 30. What are the prime factors of m(-2)?
2, 3, 53
Suppose -21 = -5*t - 1. Suppose 5*r + 2709 = -t*r. Let s = r + 530. List the prime factors of s.
229
Suppose -26*g - 49465 = -122*g + 147815. What are the prime factors of g?
3, 5, 137
Let j = -26 + 17. Let d(u) be the third derivative of u**5/60 + u**4/24 + 10*u**3/3 + 11*u**2. List the prime factors of d(j).
2, 23
Let i = 12907 - -1545. List the prime factors of i.
2, 3613
Let x = 14 - 22. Let z(m) = -m**3 - 7*m**2 + 8*m + 5. Let t be z(x). Suppose -3*y + t*y - 4 = 0. What are the prime factors of y?
2
Suppose 41*r - 595882 = 336204 + 467408. What are the prime factors of r?
2, 3, 5689
Let z(i) = i**3 + 9*i**2 + 3*i + 14. Let o be z(-9). Let d be o/13 + (6 - -1). Suppose 0 = -d*c + 3*c + 201. What are the prime factors of c?
67
Let m = -198 + 258. Let x = 393 + m. List the prime factors of x.
3, 151
Let i(j) = 14068*j**2 - 46*j - 53. List the prime factors of i(-1).
3, 43, 109
Suppose 111*t - 88*t + 26470 = 235931. What are the prime factors of t?
7, 1301
Let a = 1759 + -1549. List the prime factors of a.
2, 3, 5, 7
Let y(u) = u**3 + 9*u**2 + 6*u. Let d be y(-8). Let z = 20 - d. Suppose 4*i = z*m + 232, -2*i + 3*m = -18 - 97. List the prime factors of i.
59
Let n be (171/33 - 3) + (-4)/22. List the prime factors of 49/n*(-16)/56*-49.
7
Suppose 30*r - 20064 = -c + 32*r, c - 20036 = -5*r. List the prime factors of c.
2, 23, 109
Let j(q) = q**3 - 2*q**2 + 2*q + 8. Let b be j(0). Suppose b = v + v. List the prime factors of ((-6)/v)/((-8)/368).
3, 23
Let m(s) = 26*s - 30*s + 12*s**2 + 0 - 7. What are the prime factors of m(-5)?
313
Let n = -899 - -1685. Let r = n - 176. Suppose 5*h + r = 5*v, -90 = 3*v + 4*h - 442. What are the prime factors of v?
2, 3, 5
Suppose j = 9*j + 7*j. List the prime factors of 32 + -26 + j + 393.
3, 7, 19
What are the prime factors of (-16254)/(-3) - (-1760)/(-88)?
2, 2699
Let r(a) = 2*a**2 - 21. Suppose -5*t = -3*t - 14. Let l be r(t). Let m = l - 39. What are the prime factors of m?
2, 19
Suppose 4*i - 8*i = 0. Suppose -8*p + 48 = -i. Suppose 2*s + 358 = 3*h + p*s, -4*h = -4*s - 468. List the prime factors of h.
2, 59
Suppose -631808 - 135465 = -13*c. List the prime factors of c.
59021
Suppose -43113 = -37*h + 32*h + r, 3*r = -9. What are the prime factors of h?
2, 3, 479
Suppose 3*i + 6 - 26 = -4*q, 0 = 2*i + 5*q - 25. Suppose -14 = -g - i. What are the prime factors of g?
2, 7
Let g(n) = 7*n - 8. Let j be g(2). Suppose -j*d - 11 = -77. Suppose -174 = d*t - 1560. List the prime factors of t.
2, 3, 7
Let g(q) = 2*q**2 - 10*q - 44. Let b be g(8). Suppose -12 = -4*z, b*z = p - 133 - 561. What are the prime factors of p?
2, 353
Let m(l) = 3*l**3 - 9*l**2 + 15*l + 236. List the prime factors of m(15).
7, 1223
Let n be (10/25)/(1/(-5)). Let d = 291 + -292. List the prime factors of ((-1)/n)/(d/(-184)).
2, 23
Suppose -314*z = -404*z + 1035360. List the prime factors of z.
2, 719
Let t = 6210 + -5056. List the prime factors of t.
2, 577
Let w(v) = -50*v - 2558. What are the prime factors of w(-75)?
2, 149
Let p = 447 + -267. Let u be 400/p + 2/(-9). Suppose 0 = -2*l - 0*l - u, 3*v - 151 = 4*l. List the prime factors of v.
7
Let z be 5/(-2)*6/(-5). Suppose 10*x - 7 = 5*r + 8, -4*x + 36 = 4*r. Suppose -z*i - 2*i = w - 59, -x*i + 55 = w. What are the prime factors of w?
3, 13
Let p(i) = i**2 - 19*i + 3. Let z be p(13). Let c = 89 + z. What are the prime factors of -3 - (-35)/c - 161/(-2)?
2, 5
Let a(s) = 8*s. Let o be a(2). Let h be (o - -4)*1 + 0. What are the prime factors of (-641)/(-5) + 2/h*-2?
2
Let o = 3674 - 2409. Let l = o - 632. List the prime factors of l.
3, 211
Let c(i) = 30*i**2 + 37*i - 10. Suppose w - 6*w + 3*v = 13, 2*v = -3*w - 23. What are the prime factors of c(w)?
3, 5, 37
Let k be (-9)/(-21) - 368/(-56). Let a(c) = 1 + 1 - 12 + 13*c. List the prime factors of a(k).
3
Let j = 53143 + -28528. List the prime factors of j.
3, 5, 547
Let v = -12354 + 23138. List the prime factors of v.
2, 337
Let m = 674 + -674. Suppose m*r + 5*t = -r + 1175, -t = 3*r - 3455. List the prime factors of r.
2, 5, 23
Let x(j) = -55 - 2*j + 7*j + 21*j - 7 - 18. List the prime factors of x(36).
2, 107
Let f = -4552 + 15654. What are the prime factors of f?
2, 7, 13, 61
Let x = 5631 + -2257. What are the prime factors of x?
2, 7, 241
Let g = 6760 + 28650. What are the prime factors of g?
2, 5, 3541
Let i(b) = -b**2 - 3*b + 26. Let o be i(-12). Let n(d) = -d**2 - 10*d - 5. Let p be n(-4). Let j = p - o. What are the prime factors of j?
101
What are the prime factors of ((-17)/425*10)/((-2)/265770)?
2, 3, 2953
Let p(u) = -6*u + 7 - 11 - 17 - 2*u. Let s be p(-6). Let i = s + 30. List the prime factors of i.
3, 19
Suppose -85*v + 80*v = 5*f - 153330, 2*v = 3*f + 61362. List the prime factors of v.
2, 3, 71
Suppose 5*w + 5*h - h - 79 = 0, -w + 3*h = -31. Suppose w*u - 4031 - 13373 = 0. What are the prime factors of u?
2, 229
Let h(f) = f**2 - 24. Let c be h(-6). Let s(w) = 22*w**2 - 4*w - 15 - 9*w**2 - c*w**2. What are the prime factors of s(8)?
17
Let p(r) = 351*r**2 + 33*r + 32. List the prime factors of p(-1).
2, 5, 7
Let y = 5436 - -4026. List the prime factors of y.
2, 3